5.
25
Calculate the highest common factor of 14690 and 29770.
130
Calculate the highest common factor of 210924 and 12852.
756
Calculate the highest common divisor of 649264 and 154.
154
Calculate the highest common factor of 406 and 2450.
14
Calculate the highest common divisor of 480 and 305220.
60
What is the greatest common divisor of 25628 and 2580?
172
Calculate the greatest common divisor of 60 and 4359.
3
What is the highest common divisor of 10240 and 465280?
640
Calculate the greatest common factor of 2533 and 1751.
17
What is the highest common divisor of 1167383 and 1106?
553
What is the highest common divisor of 408 and 201093?
51
What is the greatest common divisor of 77 and 24266?
11
What is the greatest common factor of 477528 and 394?
394
What is the highest common divisor of 16011 and 7709?
593
What is the highest common divisor of 82150 and 280550?
1550
What is the highest common factor of 21924 and 5292?
756
What is the highest common divisor of 530 and 257845?
265
What is the greatest common factor of 40845 and 399?
21
Calculate the highest common factor of 880 and 172920.
440
What is the highest common factor of 55842 and 114?
6
Calculate the highest common divisor of 144660 and 12.
12
Calculate the highest common divisor of 37080 and 84.
12
Calculate the greatest common factor of 38940 and 28.
4
What is the greatest common divisor of 672 and 10500?
84
Calculate the greatest common divisor of 3 and 240631.
1
Calculate the highest common divisor of 11646 and 662528.
1294
Calculate the highest common divisor of 23580 and 4847.
131
What is the highest common factor of 522 and 9625158?
522
What is the highest common factor of 40308 and 60?
12
Calculate the highest common factor of 196 and 14602.
98
What is the greatest common factor of 299 and 3159?
13
What is the highest common factor of 6021 and 675?
27
Calculate the greatest common divisor of 1062 and 26766.
18
What is the greatest common factor of 17 and 319770?
17
Calculate the greatest common divisor of 44 and 37939.
11
Calculate the highest common factor of 298420 and 347.
347
Calculate the greatest common divisor of 67796 and 85.
17
Calculate the highest common divisor of 738760 and 368.
184
What is the greatest common factor of 147 and 96?
3
What is the highest common factor of 3072 and 29472?
96
What is the greatest common factor of 562113 and 378?
27
What is the greatest common factor of 10017106 and 583?
583
Calculate the greatest common factor of 1032 and 27444.
12
Calculate the highest common factor of 197 and 400501.
197
Calculate the greatest common factor of 48 and 1812.
12
Calculate the highest common divisor of 48910 and 402.
134
Calculate the highest common factor of 14075 and 175.
25
Calculate the greatest common factor of 5184 and 3770496.
1728
What is the highest common factor of 948 and 42423?
237
What is the highest common divisor of 200 and 196360?
40
Calculate the highest common factor of 368 and 142.
2
What is the greatest common factor of 6364347 and 66?
33
What is the greatest common divisor of 8764 and 332093?
313
Calculate the highest common divisor of 251416 and 88.
88
Calculate the greatest common factor of 351512 and 21.
7
What is the highest common factor of 18156 and 112852?
356
Calculate the greatest common divisor of 95912 and 2508.
76
Calculate the greatest common factor of 3328 and 2691.
13
What is the highest common factor of 39 and 6102?
3
What is the highest common factor of 171 and 10281717?
171
What is the greatest common factor of 190700 and 100?
100
Calculate the greatest common divisor of 33761 and 12103.
637
Calculate the greatest common divisor of 54810 and 3.
3
Calculate the highest common divisor of 5460 and 12.
12
What is the highest common factor of 387752 and 228?
76
Calculate the highest common divisor of 837 and 850671.
279
Calculate the highest common factor of 4230 and 24722.
94
Calculate the greatest common divisor of 22 and 532433.
11
Calculate the greatest common divisor of 2603 and 93571.
137
What is the greatest common divisor of 17846 and 4?
2
Calculate the highest common factor of 2864 and 40240.
16
What is the highest common divisor of 444 and 167499?
111
What is the greatest common divisor of 270 and 250?
10
Calculate the greatest common divisor of 635 and 19.
1
What is the highest common factor of 20 and 4532?
4
Calculate the greatest common factor of 36 and 2204.
4
Calculate the greatest common divisor of 13871 and 194.
97
Calculate the greatest common divisor of 1396 and 5761292.
1396
What is the greatest common divisor of 69340 and 350?
10
What is the greatest common factor of 7556136 and 287?
287
What is the greatest common divisor of 515470 and 380?
190
What is the highest common divisor of 602 and 63640?
86
What is the greatest common factor of 4563 and 810?
27
Calculate the greatest common divisor of 29265 and 285.
15
What is the highest common factor of 24 and 6470808?
24
What is the greatest common divisor of 5542832 and 76?
76
What is the greatest common factor of 585 and 43225?
65
Calculate the highest common divisor of 190895 and 1046.
523
What is the highest common divisor of 85573 and 44333?
1031
Calculate the greatest common factor of 138281 and 33.
11
What is the highest common factor of 116872 and 1288?
56
Calculate the highest common factor of 253440 and 135.
45
Calculate the greatest common divisor of 3249 and 2979.
9
What is the greatest common divisor of 536328 and 648?
216
What is the greatest common divisor of 1811488 and 21?
7
Calculate the highest common factor of 3772 and 12029.
23
What is the greatest common divisor of 990 and 50160?
330
What is the greatest common divisor of 479996 and 176?
44
Calculate the highest common factor of 604709 and 656.
41
What is the greatest common factor of 341 and 1364?
341
What is the greatest common divisor of 149566 and 6806?
166
Calculate the highest common divisor of 6265 and 315.
35
Calculate the greatest common divisor of 83224 and 104.
8
What is the highest common factor of 48 and 172672?
16
Calculate the highest common divisor of 1215 and 972.
243
Calculate the highest common factor of 686 and 355691.
343
Calculate the highest common factor of 403 and 2431.
13
What is the greatest common factor of 58220 and 6560?
820
Calculate the highest common factor of 238 and 22576.
34
What is the greatest common factor of 23508 and 450?
18
Calculate the highest common divisor of 851 and 12839.
37
What is the highest common factor of 149787 and 132?
33
Calculate the highest common factor of 75015 and 117.
9
Calculate the highest common divisor of 72995 and 130.
65
Calculate the highest common divisor of 40166 and 133.
133
Calculate the greatest common divisor of 222 and 4152.
6
Calculate the greatest common factor of 1870 and 16445.
55
What is the highest common factor of 523044 and 72?
36
What is the greatest common factor of 2585224 and 34?
34
What is the highest common divisor of 382518 and 79?
79
What is the highest common divisor of 1400 and 271845?
35
What is the greatest common divisor of 627 and 165?
33
Calculate the highest common divisor of 1650 and 30054.
6
What is the greatest common divisor of 244 and 201788?
244
Calculate the highest common divisor of 8333 and 96791.
641
Calculate the highest common factor of 728 and 11336.
104
What is the highest common divisor of 1673 and 7231?
7
What is the greatest common factor of 27 and 8252874?
27
Calculate the greatest common divisor of 15903 and 1953.
279
What is the highest common divisor of 393584 and 4624?
272
What is the greatest common factor of 414 and 6246?
18
What is the greatest common divisor of 179001 and 36?
9
Calculate the highest common divisor of 5877738 and 108.
54
Calculate the greatest common factor of 17464 and 24.
8
What is the highest common divisor of 3117 and 177?
3
What is the greatest common factor of 250329 and 6?
3
What is the greatest common divisor of 16 and 190104?
8
Calculate the greatest common factor of 7008 and 26718.
438
What is the greatest common factor of 678 and 406800?
678
Calculate the highest common factor of 1057 and 574.
7
Calculate the greatest common factor of 290 and 603790.
10
What is the greatest common divisor of 240 and 25?
5
What is the gre